{"id":4584,"date":"2019-08-14T19:20:08","date_gmt":"2019-08-14T19:20:08","guid":{"rendered":"https:\/\/catwoman-cattales.com\/gallery\/batman-321\/"},"modified":"2019-08-16T15:35:58","modified_gmt":"2019-08-16T15:35:58","slug":"batman-321","status":"publish","type":"page","link":"https:\/\/catwoman-cattales.com\/gallery\/batman-321\/","title":{"rendered":"Batman 321 by Rick Celis after Garc\u00eda-L\u00f3pez"},"content":{"rendered":"<figure id=\"attachment_4587\" aria-describedby=\"caption-attachment-4587\" style=\"width: 643px\" class=\"wp-caption aligncenter\"><img loading=\"lazy\" decoding=\"async\" src=\"https:\/\/catwoman-cattales.com\/gallery\/wp-content\/uploads\/2019\/08\/batman-321-joker-birthday.jpg\" alt=\"\" width=\"643\" height=\"929\" class=\"size-full wp-image-4587\" srcset=\"https:\/\/catwoman-cattales.com\/gallery\/wp-content\/uploads\/2019\/08\/batman-321-joker-birthday.jpg 643w, https:\/\/catwoman-cattales.com\/gallery\/wp-content\/uploads\/2019\/08\/batman-321-joker-birthday-420x607.jpg 420w\" sizes=\"auto, (max-width: 643px) 100vw, 643px\" \/><figcaption id=\"caption-attachment-4587\" class=\"wp-caption-text\">Cover of Batman 321 reimagined by Rick Celis after Jos\u00e9 Luis Garc\u00eda-L\u00f3pez<\/figcaption><\/figure>\n<p>Jos\u00e9 Luis Garc\u00eda-L\u00f3pez produced, quite simply, one of the all-time great Jokers, and I&#8217;ve never met anyone who read this era and didn&#8217;t remember this classic birthday cake cover, now reimagined by Rick Celis in his trademark style after Batman the Animated Series. Joker&#8217;s hostage taking to bring Batman to the scene is one of his familiar moves, so of course he tries it in Cat-Tales, successfully and not, perhaps never so relentlessly as <a href=\"https:\/\/catwoman-cattales.com\/ct\/60-dontfear-00.htm\">Don&#8217;t Fear the Joker<\/a>.<\/p>\n<p style=\"font-weight: bold; font-size: 10px;\" align=\"right\">Embed this on your site:<br \/><textarea name=\"embedcode\" cols=\"40\" rows=\"1\" style=\"float: right;\" onClick=\"select()\"><\/p>\n<div align=\"center\" style=\"font-size: 11px;\"><a href=\"https:\/\/catwoman-cattales.com\/gallery\/batman-321\/\"><img decoding=\"async\" src=\"https:\/\/catwoman-cattales.com\/gallery\/wp-content\/uploads\/2019\/08\/batman-321-joker-birthday.jpg\" alt=\"Batman 321 cover by Rick Celis after Garcia-Lopez\" border=\"0\"><\/a><br \/><a href=\"https:\/\/catwoman-cattales.com\/gallery\/batman-321\/\">via Cat-Tales<\/a><\/div>\n<p><\/textarea><\/p>\n<p>Rick Celis accepts commissions at <a href=\"https:\/\/www.deviantart.com\/rickcelis\/\">DeviantArt<\/a> and also offers t-shirts through <a href=\"https:\/\/www.teepublic.com\/user\/rcelis\">teepublic<\/a>.<\/p>\n<p style=\"font-size: 10px;\" align=\"left\">Tags: Batman the Animated Series, Batman cover, Joker, Alfred, Commissioner Gordon, Robin<\/p>\n<p>[divider_bar_wide]divider [\/divider_bar_wide]<\/p>\n<table border=\"0\" width=\"100%\" cellspacing=\"0\" cellpadding=\"0\">\n<tbody>\n<tr>\n<td width=\"33%\">\n<p align=\"left\"><a href=\"https:\/\/catwoman-cattales.com\/gallery\/batman-37\/\">&lt;&lt; Prev<\/a><\/p>\n<\/td>\n<td width=\"33%\">\n<p align=\"center\"><a href=\"https:\/\/catwoman-cattales.com\/gallery\/celis\/\">Rick Celis Gallery<\/a><\/p>\n<\/td>\n<td width=\"33%\">\n<p align=\"right\"><a href=\"https:\/\/catwoman-cattales.com\/gallery\/joker-road\/\">Next &gt;&gt;<\/a><\/p>\n<\/td>\n<\/tr>\n<\/tbody>\n<\/table>\n<p>[divider_bar_wide]divider [\/divider_bar_wide]<\/p>\n<p style=\"font-weight: bold; font-size: 12px; float: left;\">Link:<br \/>\n<input style=\"float: left; width: 160px; height: 16px;\" name=\"linkcode\" type=\"text\" value=\" https:\/\/catwoman-cattales.com\/gallery\/batman-321\/\" \/><\/p><\/p>\n<!-- AddThis Advanced Settings generic via filter on the_content --><!-- AddThis Share Buttons generic via filter on the_content -->","protected":false},"excerpt":{"rendered":"<p>Jos\u00e9 Luis Garc\u00eda-L\u00f3pez produced, quite simply, one of the all-time great Jokers, and I&#8217;ve never met anyone who read this era and didn&#8217;t remember this classic birthday cake cover, now reimagined by Rick Celis in his trademark style after Batman the Animated Series. Joker&#8217;s hostage taking to bring Batman to the scene is one of &hellip; <\/p>\n<p class=\"link-more\"><a href=\"https:\/\/catwoman-cattales.com\/gallery\/batman-321\/\" class=\"more-link\">Continue reading<span class=\"screen-reader-text\"> &#8220;Batman 321 by Rick Celis after Garc\u00eda-L\u00f3pez&#8221;<\/span><\/a><\/p>\n<p><!-- AddThis Advanced Settings generic via filter on get_the_excerpt --><!-- AddThis Share Buttons generic via filter on get_the_excerpt --><\/p>\n","protected":false},"author":1,"featured_media":4587,"parent":0,"menu_order":0,"comment_status":"closed","ping_status":"closed","template":"launch_002d.php","meta":{"footnotes":""},"class_list":["post-4584","page","type-page","status-publish","has-post-thumbnail","hentry","entry"],"_links":{"self":[{"href":"https:\/\/catwoman-cattales.com\/gallery\/wp-json\/wp\/v2\/pages\/4584","targetHints":{"allow":["GET"]}}],"collection":[{"href":"https:\/\/catwoman-cattales.com\/gallery\/wp-json\/wp\/v2\/pages"}],"about":[{"href":"https:\/\/catwoman-cattales.com\/gallery\/wp-json\/wp\/v2\/types\/page"}],"author":[{"embeddable":true,"href":"https:\/\/catwoman-cattales.com\/gallery\/wp-json\/wp\/v2\/users\/1"}],"replies":[{"embeddable":true,"href":"https:\/\/catwoman-cattales.com\/gallery\/wp-json\/wp\/v2\/comments?post=4584"}],"version-history":[{"count":6,"href":"https:\/\/catwoman-cattales.com\/gallery\/wp-json\/wp\/v2\/pages\/4584\/revisions"}],"predecessor-version":[{"id":4598,"href":"https:\/\/catwoman-cattales.com\/gallery\/wp-json\/wp\/v2\/pages\/4584\/revisions\/4598"}],"wp:featuredmedia":[{"embeddable":true,"href":"https:\/\/catwoman-cattales.com\/gallery\/wp-json\/wp\/v2\/media\/4587"}],"wp:attachment":[{"href":"https:\/\/catwoman-cattales.com\/gallery\/wp-json\/wp\/v2\/media?parent=4584"}],"curies":[{"name":"wp","href":"https:\/\/api.w.org\/{rel}","templated":true}]}}